{"id":688,"date":"2020-03-20T14:24:09","date_gmt":"2020-03-20T13:24:09","guid":{"rendered":"https:\/\/www.ambiance-atelier-lh.fr\/?page_id=688"},"modified":"2020-05-10T12:17:43","modified_gmt":"2020-05-10T10:17:43","slug":"politique-de-confidentialite-2","status":"publish","type":"page","link":"https:\/\/www.ambiance-atelier-lh.fr\/index.php\/politique-de-confidentialite-2\/","title":{"rendered":"Politique de confidentialit\u00e9"},"content":{"rendered":"\t\t<div data-elementor-type=\"wp-page\" data-elementor-id=\"688\" class=\"elementor elementor-688\" data-elementor-settings=\"[]\">\n\t\t\t\t\t\t<div class=\"elementor-inner\">\n\t\t\t\t\t\t\t<div class=\"elementor-section-wrap\">\n\t\t\t\t\t\t\t<section class=\"elementor-section elementor-top-section elementor-element elementor-element-321c823 elementor-section-boxed elementor-section-height-default elementor-section-height-default\" data-id=\"321c823\" data-element_type=\"section\" data-settings=\"{&quot;_ha_eqh_enable&quot;:false,&quot;ekit_has_onepagescroll_dot&quot;:&quot;yes&quot;}\">\n\t\t\t\t\t\t<div class=\"elementor-container elementor-column-gap-default\">\n\t\t\t\t\t\t\t<div class=\"elementor-row\">\n\t\t\t\t\t<div class=\"elementor-column elementor-col-100 elementor-top-column elementor-element elementor-element-0fe2672\" data-id=\"0fe2672\" data-element_type=\"column\">\n\t\t\t<div class=\"elementor-column-wrap elementor-element-populated\">\n\t\t\t\t\t\t\t<div class=\"elementor-widget-wrap\">\n\t\t\t\t\t\t<div class=\"elementor-element elementor-element-ffeb798 elementor-widget elementor-widget-heading\" data-id=\"ffeb798\" data-element_type=\"widget\" data-widget_type=\"heading.default\">\n\t\t\t\t<div class=\"elementor-widget-container\">\n\t\t\t<h2 class=\"elementor-heading-title elementor-size-default\">politique de confidentialit\u00e9<\/h2>\t\t<\/div>\n\t\t\t\t<\/div>\n\t\t\t\t<div class=\"elementor-element elementor-element-a46050a elementor-widget elementor-widget-text-editor\" data-id=\"a46050a\" data-element_type=\"widget\" data-widget_type=\"text-editor.default\">\n\t\t\t\t<div class=\"elementor-widget-container\">\n\t\t\t\t\t<div class=\"elementor-text-editor elementor-clearfix\"><p><span style=\"font-size: 15px;\">Pr\u00e9server la vie priv\u00e9e des clients et des visiteurs du site Web de Ambiance Atelier est pour nous une priorit\u00e9. La pr\u00e9sente d\u00e9claration d\u00e9crit les pratiques actuelles de notre site www.ambiance-atelier-lh.fr \u00a0en mati\u00e8re de collecte, de partage et de confidentialit\u00e9 des informations.<\/span><\/p><p><strong>Collecte des informations personnelles<\/strong><\/p><p>Nous vous demanderons, si n\u00e9cessaire, des renseignements nous permettant de vous identifier individuellement ou de vous contacter directement (informations personnelles).<\/p><p>Nous sommes amen\u00e9s \u00e0 vous demander des informations personnelles lorsque vous achetez un produit, participez \u00e0 un concours, effectuez une demande de service, r\u00e9pondez \u00e0 un questionnaire d&#8217;enqu\u00eate, souscrivez un abonnement ou pour tout autre engagement de votre part dans une activit\u00e9 de notre site. Dans le cadre de ces activit\u00e9s, nous vous demanderons \u00e9ventuellement votre nom, votre num\u00e9ro de t\u00e9l\u00e9phone et votre adresse e-mail de fa\u00e7on \u00e0 pouvoir vous contacter.<\/p><p>Lorsque vous vous connectez \u00e0 notre site, nous collectons des informations sur votre mat\u00e9riel ou vos logiciels telles que vos adresses IP, votre type de navigateur, votre syst\u00e8me d&#8217;exploitation, les pages que vous visitez sur notre site, vos pages de r\u00e9f\u00e9rence et de sortie, ainsi que les dates et heures de vos visites.<\/p><p>Les donn\u00e9es concernant vos visites sont utiles pour l&#8217;administration du site ambiance-atelier-lh.fr et procurent des informations statistiques g\u00e9n\u00e9rales sur sa fr\u00e9quentation. Les donn\u00e9es relatives aux visites ne sont jamais li\u00e9es \u00e0 vos informations personnelles et nous ne les exploitons pas pour vous identifier individuellement sans votre permission.<\/p><p><strong>Utilisation des informations personnelles<\/strong><\/p><p>Nous nous engageons \u00e0 pr\u00e9server la confidentialit\u00e9 de toutes les informations que vous nous transmettez sur ce site et \u00e0 ne jamais les vendre, les louer, les commercialiser ou les partager avec un tiers pour leur usage promotionnel sans votre accord.<\/p><p>Les donn\u00e9es que vous nous fournissez nous servent exclusivement \u00e0 vous procurer les services et produits que vous attendez de nous. Nous les utilisons, par exemple, pour vous transmettre les renseignements que vous nous demandez ou pour vous contacter au sujet des produits et services que vous avez achet\u00e9s.<\/p><p>Il nous arrive parfois de passer des contrats avec d&#8217;autres soci\u00e9t\u00e9s pour la mise \u00e0 disposition de services tels que l&#8217;emballage et l&#8217;envoi d&#8217;informations, les r\u00e9ponses aux questions des utilisateurs ainsi que le traitement des transactions par carte de cr\u00e9dit. Nous ne fournissons alors \u00e0 ces partenaires que les renseignements dont ils ont besoin pour dispenser ces services. Ils ne sont aucunement autoris\u00e9s \u00e0 les utiliser pour un autre motif et nous exigeons d&#8217;eux qu&#8217;ils respectent \u00e0 la lettre l&#8217;esprit de la pr\u00e9sente Politique de confidentialit\u00e9.<\/p><p>Nous pouvons \u00eatre amen\u00e9s \u00e0 divulguer des informations personnelles dans le cas o\u00f9 nous estimons en toute bonne foi y \u00eatre contraints par la loi ou une proc\u00e9dure judiciaire, ou pour d\u00e9fendre nos droits et int\u00e9r\u00eats, ainsi que ceux de nos membres, fournisseurs ou utilisateurs. Nous nous r\u00e9servons \u00e9galement le droit de signaler aux autorit\u00e9s charg\u00e9es de l&#8217;application de la loi toutes les activit\u00e9s que nous pensons en toute bonne foi \u00eatre illicites. Nous pouvons divulguer certaines informations personnelles lorsque nous croyons de bonne foi que la publication est n\u00e9cessaire pour se conformer \u00e0 la loi ; faire respecter ou appliquer nos conditions d&#8217;utilisation et autres accords ; ou prot\u00e9ger nos droits, notre propri\u00e9t\u00e9 ou notre s\u00e9curit\u00e9, ou ceux d&#8217;un tiers.<\/p><p>Dans le cas o\u00f9 nous serions engag\u00e9s dans une transition administrative comme une fusion, l&#8217;acquisition par une autre soci\u00e9t\u00e9, la vente d&#8217;une partie ou de la totalit\u00e9 de nos avoirs, les informations personnelles de nos utilisateurs seront, dans la plupart des cas, transmises avec les avoirs transf\u00e9r\u00e9s. La transition fera alors l&#8217;objet d&#8217;une notification, qui sera \u00e9tablie conform\u00e9ment aux dispositifs d\u00e9crits dans la section ci-apr\u00e8s, &#8220;Amendements \u00e0 cette d\u00e9claration&#8221;.<\/p><p><strong>Contr\u00f4le des informations personnelles<\/strong><\/p><p>Vous pouvez confirmer, modifier ou mettre \u00e0 jour les informations personnelles que vous nous avez communiqu\u00e9es en prenant directement contact avec nos services \u00e0 l&#8217;adresse Ambiance Atelier\u00a0 7 rue Michel LECROQ LE HAVRE 76620 \u00a0T\u00e9l : 06-33-55-39-58 ou ambiance.atelier.lh@gmail.com<\/p><p>Les donn\u00e9es que vous nous fournissez nous servent exclusivement \u00e0 vous procurer les services et produits que vous attendez de nous. Nous les utilisons, par exemple, pour vous transmettre les renseignements que vous nous demandez ou pour vous contacter au sujet des produits et services que vous avez achet\u00e9s. Si vous ne souhaitez pas recevoir les bulletins d&#8217;informations de notre soci\u00e9t\u00e9, \u00e9crivez-nous \u00e0 l&#8217;adresse ambiance.atelier.lh@gmail.com. Si par la suite, vous souhaitez de nouveau les recevoir, il vous suffit de nous \u00e9crire \u00e0 la m\u00eame adresse. Lorsque vous demandez \u00e0 \u00eatre exclus de nos campagnes commerciales, vous continuez n\u00e9anmoins \u00e0 recevoir les messages de service qui vous concernent, et notamment les confirmations de commande, les avis l\u00e9gaux et les messages importants pour l&#8217;utilisation des services que vous nous avez achet\u00e9s.<\/p><p><strong>S\u00e9curit\u00e9 des informations collect\u00e9es<\/strong><\/p><p>Nous nous engageons \u00e0 prot\u00e9ger la s\u00e9curit\u00e9 de vos informations personnelles, et utilisons diverses technologies et proc\u00e9dures pour assurer leur protection. Ainsi, nous stockons les informations personnelles dans une installation \u00e0 acc\u00e8s limit\u00e9, s\u00e9curis\u00e9, et les informations sensibles qui nous sont transmises par le biais du e-commerce (comme les num\u00e9ros de carte de cr\u00e9dit) sont crypt\u00e9es pour transmission \u00e0 l&#8217;aide du protocole SSL (Socket Layer). Le cryptage SSL est con\u00e7u pour rendre les informations ind\u00e9chiffrables par quiconque autre que nous-m\u00eames.<\/p><p><strong>Protection de la vie priv\u00e9e des enfants<\/strong><\/p><p>ambaince-atelier-lh.fr est un site Web d&#8217;int\u00e9r\u00eat g\u00e9n\u00e9ral et nous ne collectons aucune information personnelle sciemment de la part d&#8217;enfants.<\/p><p><strong>Confidentialit\u00e9 et forums de discussion en ligne<\/strong><\/p><p>Les informations que vous publiez sur des commentaires en ligne sur le site sont accessibles aux autres personnes ayant acc\u00e8s aux forums et peuvent \u00eatre utilis\u00e9es pour vous envoyer des messages non sollicit\u00e9s. Nous ne sommes pas responsables des informations \u00e0 caract\u00e8re personnel que vous choisissez de communiquer sur ces commentaires.<\/p><p><strong>Utilisation des cookies et de la technologie des GIF invisible<\/strong><\/p><p>Lorsque vous visitez notre site, un cookie peut \u00eatre sauvegard\u00e9 sur votre ordinateur (si votre ordinateur accepte les cookies) et si vous retournez sur le site, le cookie peut \u00eatre lu. Nous utilisons les cookies pour faciliter la collecte des donn\u00e9es relatives aux visites de notre site, et dans certains cas pour fournir un contenu sp\u00e9cialis\u00e9. Un cookie est un petit fichier de donn\u00e9es que certains sites Web \u00e9crivent sur votre disque dur lorsque vous les visitez. Un fichier de cookie peut contenir des informations, comme un nom d&#8217;utilisateur, que le site utilise pour suivre les pages que vous avez visit\u00e9es, sachant que les seules informations personnelles qu&#8217;un cookie peut contenir sont celles que vous avez fournies. Un cookie ne peut pas lire les donn\u00e9es de votre disque dur ni les fichiers de cookie cr\u00e9\u00e9s par d&#8217;autres sites. Certaines parties de notre site Web utilisent des cookies pour suivre les mod\u00e8les de navigation des utilisateurs. Nous le faisons afin de d\u00e9terminer le degr\u00e9 de pertinence des informations propos\u00e9es sur notre site Web et pour voir dans quelle mesure notre structure de navigation permet aux utilisateurs d&#8217;y acc\u00e9der. Nous ne corr\u00e9lons pas ces informations avec les donn\u00e9es relatives aux utilisateurs, ne partageons pas ces renseignements avec des tiers et ne les vendons pas.<\/p><p>Si vous pr\u00e9f\u00e9rez ne pas recevoir de cookies sur notre site Web, vous pouvez configurer votre navigateur de fa\u00e7on qu&#8217;un message vous signale la pr\u00e9sence de chaque cookie \u00e0 son arriv\u00e9e et qu&#8217;il vous soit offert la possibilit\u00e9 de refuser chaque cookie. Vous pouvez \u00e9galement refuser tous les cookies en les d\u00e9sactivant dans votre navigateur. L&#8217;activation de cookies n&#8217;est exig\u00e9e dans aucune zone de notre site Web.<\/p><p>Nous pouvons \u00e9galement utiliser la technologie des GiF transparents, \u00e9galement appel\u00e9e balises Web, ou des indicateurs d&#8217;action comme dispositifs pour collecter des donn\u00e9es agr\u00e9g\u00e9es sur les visites de notre site afin de voir la mani\u00e8re dont les utilisateurs y acc\u00e8dent et naviguent. Cette technologie peut \u00e9galement nous servir \u00e0 suivre la r\u00e9ception de pages HTML par message e-mail. Ces donn\u00e9es sont collect\u00e9es exclusivement pour \u00eatre utilis\u00e9es dans nos op\u00e9rations de marketing et de recherche.<\/p><p><strong>Ex\u00e9cution de cette d\u00e9claration<\/strong><\/p><p>Pour toute question relative aux r\u00e8gles d\u00e9crites dans cette d\u00e9claration, n&#8217;h\u00e9sitez pas \u00e0 nous contacter \u00e0 l&#8217;adresse Ambiance Atelier\u00a0 7 rue Michel LECROQ LE HAVRE 76620 \u00a0T\u00e9l : 06-33-55-39-58 ou ambiance.atelier.lh@gmail.com<\/p><p><strong>Liens vers d&#8217;autres sites<\/strong><\/p><p>Ce site Web peut contenir des liens vers d&#8217;autres sites. Si vous utilisez ces liens, vous quitterez notre site Web. Lorsque vous acc\u00e9dez \u00e0 un site Web autre que ambiance-atelie-lh.fr, m\u00eame s&#8217;il contient le logo Ambiance Atelier, notez bien que nous n&#8217;avons pas le contr\u00f4le sur son contenu et n&#8217;assumons aucune responsabilit\u00e9 quant aux r\u00e8gles de protection de la vie priv\u00e9e qu&#8217;il applique. Nous vous invitons par cons\u00e9quent \u00e0 consulter les r\u00e8gles d\u00e9finies par chaque site que vous utilisez. La pr\u00e9sente Politique de confidentialit\u00e9 ne couvre pas les pratiques de gestion des informations des sites Web li\u00e9s \u00e0 notre site Web. Ces autres sites peuvent envoyer leurs propres cookies aux utilisateurs, collecter des donn\u00e9es ou solliciter des informations personnelles.<\/p><p><strong>Amendements \u00e0 cette d\u00e9claration<\/strong><\/p><p>La pr\u00e9sente Politique de confidentialit\u00e9 peut faire l&#8217;objet de mises \u00e0 jour ponctuelles. Lorsqu&#8217;une mise \u00e0 jour est effectu\u00e9e, la date de &#8220;derni\u00e8re mise \u00e0 jour&#8221;, qui figure au d\u00e9but de la d\u00e9claration est actualis\u00e9e en cons\u00e9quence. Si des modifications importantes, susceptibles d&#8217;influer sur notre utilisation de vos donn\u00e9es personnelles, sont apport\u00e9es \u00e0 la pr\u00e9sente d\u00e9claration, nous en informerons les utilisateurs en pla\u00e7ant une mention bien visible sur la page d&#8217;accueil de notre site.<\/p><p><strong>Informations de contact<\/strong><\/p><p>Vos commentaires sur notre politique de confidentialit\u00e9 sont les bienvenus.<\/p><p>Pour toutes questions ou suggestions relatives \u00e0 notre politique de confidentialit\u00e9, veuillez nous contacter \u00e0 l&#8217;adresse\u00a0: Ambiance Atelier<\/p><p>Adresse\u00a0: \u00a0\u00a0\u00a0\u00a0\u00a0\u00a0\u00a0\u00a0\u00a0\u00a0 7 rue Michel LECROQ LE HAVRE 76620 \u00a0<\/p><p>T\u00e9l : \u00a0\u00a0\u00a0\u00a0\u00a0\u00a0\u00a0\u00a0\u00a0\u00a0\u00a0\u00a0\u00a0\u00a0\u00a0\u00a0\u00a0\u00a0\u00a0\u00a0\u00a0 \u00a006-33-55-39-58<\/p><p>Email\u00a0: \u00a0\u00a0\u00a0\u00a0\u00a0\u00a0\u00a0\u00a0\u00a0\u00a0\u00a0\u00a0\u00a0\u00a0\u00a0\u00a0 ambiance.atelier.lh@gmail.com<\/p><div id=\"fenetremailtotoPopup\" style=\"z-index: 1;\"><div id=\"fenetremailtopopupContentToModalMail\"><div id=\"fenetremailtoclosePopupModal\">\u00a0<\/div><div id=\"fenetremailtomailModal\">What do you want to do ?<\/div><p><a id=\"fenetremailtonewCreateAppEmailButtonOpen\"><\/a>New mail<button id=\"fenetremailtobuttonCopyClipboard\">Copy<\/button><textarea id=\"fenetremailtoclipboardToCopySelect\">&lt;\/p&gt;&lt;br \/&gt;\n<\/textarea><\/p><\/div><\/div><div id=\"fenetremailtotoPopup\" style=\"z-index: 1;\"><div id=\"fenetremailtopopupContentToModalMail\"><div id=\"fenetremailtoclosePopupModal\">\u00a0<\/div><div id=\"fenetremailtomailModal\">What do you want to do ?<\/div><p><a id=\"fenetremailtonewCreateAppEmailButtonOpen\"><\/a>New mail<button id=\"fenetremailtobuttonCopyClipboard\">Copy<\/button><textarea id=\"fenetremailtoclipboardToCopySelect\"><\/textarea><\/p><\/div><\/div><div><img \/><\/div><\/div>\n\t\t\t\t<\/div>\n\t\t\t\t<\/div>\n\t\t\t\t\t\t<\/div>\n\t\t\t\t\t<\/div>\n\t\t<\/div>\n\t\t\t\t\t\t\t\t<\/div>\n\t\t\t\t\t<\/div>\n\t\t<\/section>\n\t\t\t\t\t\t<\/div>\n\t\t\t\t\t\t<\/div>\n\t\t\t\t\t<\/div>\n\t\t","protected":false},"excerpt":{"rendered":"<p>politique de confidentialit\u00e9 Pr\u00e9server la vie priv\u00e9e des clients et des visiteurs du site Web de Ambiance Atelier est pour nous une priorit\u00e9. La pr\u00e9sente d\u00e9claration d\u00e9crit les pratiques actuelles de notre site www.ambiance-atelier-lh.fr &nbsp;en mati\u00e8re de collecte, de partage et de confidentialit\u00e9 des informations. Collecte des informations personnelles Nous vous demanderons, si n\u00e9cessaire, des &hellip;<\/p>\n<p class=\"read-more\"> <a class=\"\" href=\"https:\/\/www.ambiance-atelier-lh.fr\/index.php\/politique-de-confidentialite-2\/\"> <span class=\"screen-reader-text\">Politique de confidentialit\u00e9<\/span> Lire la suite\u00a0\u00bb<\/a><\/p>\n","protected":false},"author":1,"featured_media":0,"parent":0,"menu_order":0,"comment_status":"closed","ping_status":"closed","template":"","meta":[],"yoast_head":"<!-- This site is optimized with the Yoast SEO plugin v14.7 - https:\/\/yoast.com\/wordpress\/plugins\/seo\/ -->\n<title>Politique de confidentialit\u00e9 - AMBIANCE ATELIER<\/title>\n<meta name=\"robots\" content=\"index, follow\" \/>\n<meta name=\"googlebot\" content=\"index, follow, max-snippet:-1, max-image-preview:large, max-video-preview:-1\" \/>\n<meta name=\"bingbot\" content=\"index, follow, max-snippet:-1, max-image-preview:large, max-video-preview:-1\" \/>\n<link rel=\"canonical\" href=\"https:\/\/www.ambiance-atelier-lh.fr\/index.php\/politique-de-confidentialite-2\/\" \/>\n<meta property=\"og:locale\" content=\"fr_FR\" \/>\n<meta property=\"og:type\" content=\"article\" \/>\n<meta property=\"og:title\" content=\"Politique de confidentialit\u00e9 - AMBIANCE ATELIER\" \/>\n<meta property=\"og:description\" content=\"politique de confidentialit\u00e9 Pr\u00e9server la vie priv\u00e9e des clients et des visiteurs du site Web de Ambiance Atelier est pour nous une priorit\u00e9. La pr\u00e9sente d\u00e9claration d\u00e9crit les pratiques actuelles de notre site www.ambiance-atelier-lh.fr &nbsp;en mati\u00e8re de collecte, de partage et de confidentialit\u00e9 des informations. Collecte des informations personnelles Nous vous demanderons, si n\u00e9cessaire, des &hellip; Politique de confidentialit\u00e9 Lire la suite\u00a0\u00bb\" \/>\n<meta property=\"og:url\" content=\"https:\/\/www.ambiance-atelier-lh.fr\/index.php\/politique-de-confidentialite-2\/\" \/>\n<meta property=\"og:site_name\" content=\"AMBIANCE ATELIER\" \/>\n<meta property=\"article:modified_time\" content=\"2020-05-10T10:17:43+00:00\" \/>\n<meta name=\"twitter:card\" content=\"summary_large_image\" \/>\n<script type=\"application\/ld+json\" class=\"yoast-schema-graph\">{\"@context\":\"https:\/\/schema.org\",\"@graph\":[{\"@type\":\"WebSite\",\"@id\":\"https:\/\/www.ambiance-atelier-lh.fr\/#website\",\"url\":\"https:\/\/www.ambiance-atelier-lh.fr\/\",\"name\":\"AMBIANCE ATELIER\",\"description\":\"Un site utilisant WordPress\",\"potentialAction\":[{\"@type\":\"SearchAction\",\"target\":\"https:\/\/www.ambiance-atelier-lh.fr\/?s={search_term_string}\",\"query-input\":\"required name=search_term_string\"}],\"inLanguage\":\"fr-FR\"},{\"@type\":\"WebPage\",\"@id\":\"https:\/\/www.ambiance-atelier-lh.fr\/index.php\/politique-de-confidentialite-2\/#webpage\",\"url\":\"https:\/\/www.ambiance-atelier-lh.fr\/index.php\/politique-de-confidentialite-2\/\",\"name\":\"Politique de confidentialit\\u00e9 - AMBIANCE ATELIER\",\"isPartOf\":{\"@id\":\"https:\/\/www.ambiance-atelier-lh.fr\/#website\"},\"datePublished\":\"2020-03-20T13:24:09+00:00\",\"dateModified\":\"2020-05-10T10:17:43+00:00\",\"inLanguage\":\"fr-FR\",\"potentialAction\":[{\"@type\":\"ReadAction\",\"target\":[\"https:\/\/www.ambiance-atelier-lh.fr\/index.php\/politique-de-confidentialite-2\/\"]}]}]}<\/script>\n<!-- \/ Yoast SEO plugin. -->","_links":{"self":[{"href":"https:\/\/www.ambiance-atelier-lh.fr\/index.php\/wp-json\/wp\/v2\/pages\/688"}],"collection":[{"href":"https:\/\/www.ambiance-atelier-lh.fr\/index.php\/wp-json\/wp\/v2\/pages"}],"about":[{"href":"https:\/\/www.ambiance-atelier-lh.fr\/index.php\/wp-json\/wp\/v2\/types\/page"}],"author":[{"embeddable":true,"href":"https:\/\/www.ambiance-atelier-lh.fr\/index.php\/wp-json\/wp\/v2\/users\/1"}],"replies":[{"embeddable":true,"href":"https:\/\/www.ambiance-atelier-lh.fr\/index.php\/wp-json\/wp\/v2\/comments?post=688"}],"version-history":[{"count":6,"href":"https:\/\/www.ambiance-atelier-lh.fr\/index.php\/wp-json\/wp\/v2\/pages\/688\/revisions"}],"predecessor-version":[{"id":1857,"href":"https:\/\/www.ambiance-atelier-lh.fr\/index.php\/wp-json\/wp\/v2\/pages\/688\/revisions\/1857"}],"wp:attachment":[{"href":"https:\/\/www.ambiance-atelier-lh.fr\/index.php\/wp-json\/wp\/v2\/media?parent=688"}],"curies":[{"name":"wp","href":"https:\/\/api.w.org\/{rel}","templated":true}]}}