{"id":698,"date":"2020-03-20T15:21:51","date_gmt":"2020-03-20T14:21:51","guid":{"rendered":"https:\/\/www.ambiance-atelier-lh.fr\/?page_id=698"},"modified":"2020-03-20T16:09:23","modified_gmt":"2020-03-20T15:09:23","slug":"conditions-generales-dutilisations-2","status":"publish","type":"page","link":"https:\/\/www.ambiance-atelier-lh.fr\/index.php\/conditions-generales-dutilisations-2\/","title":{"rendered":"Conditions G\u00e9n\u00e9rales d&#8217;Utilisations"},"content":{"rendered":"\t\t<div data-elementor-type=\"wp-page\" data-elementor-id=\"698\" class=\"elementor elementor-698\" data-elementor-settings=\"[]\">\n\t\t\t\t\t\t<div class=\"elementor-inner\">\n\t\t\t\t\t\t\t<div class=\"elementor-section-wrap\">\n\t\t\t\t\t\t\t<section class=\"elementor-section elementor-top-section elementor-element elementor-element-b3e432c elementor-section-boxed elementor-section-height-default elementor-section-height-default\" data-id=\"b3e432c\" data-element_type=\"section\" data-settings=\"{&quot;_ha_eqh_enable&quot;:false,&quot;ekit_has_onepagescroll_dot&quot;:&quot;yes&quot;}\">\n\t\t\t\t\t\t<div class=\"elementor-container elementor-column-gap-default\">\n\t\t\t\t\t\t\t<div class=\"elementor-row\">\n\t\t\t\t\t<div class=\"elementor-column elementor-col-100 elementor-top-column elementor-element elementor-element-7355eb2\" data-id=\"7355eb2\" data-element_type=\"column\">\n\t\t\t<div class=\"elementor-column-wrap elementor-element-populated\">\n\t\t\t\t\t\t\t<div class=\"elementor-widget-wrap\">\n\t\t\t\t\t\t<div class=\"elementor-element elementor-element-37b6e7e elementor-widget elementor-widget-text-editor\" data-id=\"37b6e7e\" data-element_type=\"widget\" data-widget_type=\"text-editor.default\">\n\t\t\t\t<div class=\"elementor-widget-container\">\n\t\t\t\t\t<div class=\"elementor-text-editor elementor-clearfix\"><div id=\"fenetremailtotoPopup\" style=\"z-index: 1;\"><div id=\"fenetremailtopopupContentToModalMail\"><div id=\"fenetremailtoclosePopupModal\">\u00a0<\/div><div id=\"fenetremailtomailModal\">What do you want to do ?<\/div><p><a id=\"fenetremailtonewCreateAppEmailButtonOpen\"><\/a>New mail<button id=\"fenetremailtobuttonCopyClipboard\">Copy<\/button><textarea id=\"fenetremailtoclipboardToCopySelect\">&lt;\/p&gt;\n<\/textarea><\/p><\/div><\/div><div id=\"fenetremailtotoPopup\" style=\"z-index: 1;\"><div id=\"fenetremailtopopupContentToModalMail\"><div id=\"fenetremailtoclosePopupModal\">\u00a0<\/div><div id=\"fenetremailtomailModal\">What do you want to do ?<\/div><a id=\"fenetremailtonewCreateAppEmailButtonOpen\"><\/a>New mail<button id=\"fenetremailtobuttonCopyClipboard\">Copy<\/button><textarea id=\"fenetremailtoclipboardToCopySelect\"><\/textarea><\/div><\/div><div><img \/><\/div><\/div>\n\t\t\t\t<\/div>\n\t\t\t\t<\/div>\n\t\t\t\t\t\t<\/div>\n\t\t\t\t\t<\/div>\n\t\t<\/div>\n\t\t\t\t\t\t\t\t<\/div>\n\t\t\t\t\t<\/div>\n\t\t<\/section>\n\t\t\t\t<section class=\"elementor-section elementor-top-section elementor-element elementor-element-fd5d764 elementor-section-boxed elementor-section-height-default elementor-section-height-default\" data-id=\"fd5d764\" data-element_type=\"section\" data-settings=\"{&quot;_ha_eqh_enable&quot;:false,&quot;ekit_has_onepagescroll_dot&quot;:&quot;yes&quot;}\">\n\t\t\t\t\t\t<div class=\"elementor-container elementor-column-gap-default\">\n\t\t\t\t\t\t\t<div class=\"elementor-row\">\n\t\t\t\t\t<div class=\"elementor-column elementor-col-100 elementor-top-column elementor-element elementor-element-65c33ee\" data-id=\"65c33ee\" data-element_type=\"column\">\n\t\t\t<div class=\"elementor-column-wrap elementor-element-populated\">\n\t\t\t\t\t\t\t<div class=\"elementor-widget-wrap\">\n\t\t\t\t\t\t<div class=\"elementor-element elementor-element-628623f elementor-widget elementor-widget-text-editor\" data-id=\"628623f\" data-element_type=\"widget\" data-widget_type=\"text-editor.default\">\n\t\t\t\t<div class=\"elementor-widget-container\">\n\t\t\t\t\t<div class=\"elementor-text-editor elementor-clearfix\"><p>Conditions g\u00e9n\u00e9rales d&#8217;utilisation du site ambiance atelier<br><\/p><\/div>\n\t\t\t\t<\/div>\n\t\t\t\t<\/div>\n\t\t\t\t\t\t<\/div>\n\t\t\t\t\t<\/div>\n\t\t<\/div>\n\t\t\t\t\t\t\t\t<\/div>\n\t\t\t\t\t<\/div>\n\t\t<\/section>\n\t\t\t\t<section class=\"elementor-section elementor-top-section elementor-element elementor-element-95e5ce4 elementor-section-full_width elementor-section-height-default elementor-section-height-default\" data-id=\"95e5ce4\" data-element_type=\"section\" data-settings=\"{&quot;background_background&quot;:&quot;classic&quot;,&quot;_ha_eqh_enable&quot;:false,&quot;ekit_has_onepagescroll_dot&quot;:&quot;yes&quot;}\">\n\t\t\t\t\t\t<div class=\"elementor-container elementor-column-gap-default\">\n\t\t\t\t\t\t\t<div class=\"elementor-row\">\n\t\t\t\t\t<div class=\"elementor-column elementor-col-100 elementor-top-column elementor-element elementor-element-8e095c5\" data-id=\"8e095c5\" data-element_type=\"column\">\n\t\t\t<div class=\"elementor-column-wrap elementor-element-populated\">\n\t\t\t\t\t\t\t<div class=\"elementor-widget-wrap\">\n\t\t\t\t\t\t<div class=\"elementor-element elementor-element-00c6203 elementor-widget elementor-widget-text-editor\" data-id=\"00c6203\" data-element_type=\"widget\" data-widget_type=\"text-editor.default\">\n\t\t\t\t<div class=\"elementor-widget-container\">\n\t\t\t\t\t<div class=\"elementor-text-editor elementor-clearfix\"><p>ARTICLE 1 : Objet<\/p><p>Les pr\u00e9sentes \u00ab conditions g\u00e9n\u00e9rales d&#8217;utilisation \u00bb ont pour objet l&#8217;encadrement juridique de l\u2019utilisation du site ambiance-atelier-lh.fr et de ses services.<\/p><p>Ce contrat est conclu entre :<\/p><p>Le g\u00e9rant du site internet, ci-apr\u00e8s d\u00e9sign\u00e9 \u00ab\u00a0l\u2019\u00c9diteur\u00a0\u00bb,<\/p><p>Toute personne physique ou morale souhaitant acc\u00e9der au site et \u00e0 ses services, ci-apr\u00e8s appel\u00e9 \u00ab\u00a0l\u2019Utilisateur\u00a0\u00bb.<\/p><p>Les conditions g\u00e9n\u00e9rales d&#8217;utilisation doivent \u00eatre accept\u00e9es par tout Utilisateur, et son acc\u00e8s au site vaut acceptation de ces conditions.<\/p><p>ARTICLE 2 : Mentions l\u00e9gales<\/p><p>Le site ambiance-atelier-lh.fr est \u00e9dit\u00e9 par BAILLEUL Philippe, domicili\u00e9 au 7 rue Michel LECROQ LE HAVRE 76620<\/p><p>ARTICLE 3 : acc\u00e8s aux services<\/p><p>L\u2019Utilisateur du site ambiance-atelier-lh.fr a acc\u00e8s aux services suivants :<\/p><ul><li>Visite et navigation sur le site Internet<\/li><li>Accessibilit\u00e9 au formulaire de contact<\/li><\/ul><p>Tout Utilisateur ayant acc\u00e8s a internet peut acc\u00e9der gratuitement et depuis n\u2019importe o\u00f9 au site. Les frais support\u00e9s par l\u2019Utilisateur pour y acc\u00e9der (connexion internet, mat\u00e9riel informatique, etc.) ne sont pas \u00e0 la charge de l\u2019\u00c9diteur.<\/p><p>Le site et ses diff\u00e9rents services peuvent \u00eatre interrompus ou suspendus par l\u2019\u00c9diteur, notamment \u00e0 l\u2019occasion d\u2019une maintenance, sans obligation de pr\u00e9avis ou de justification.<\/p><p>ARTICLE 4 : Responsabilit\u00e9 de l\u2019Utilisateur<\/p><p>L&#8217;Utilisateur est responsable des risques li\u00e9s \u00e0 l\u2019utilisation de son identifiant de connexion et de son mot de passe.<\/p><p>Le mot de passe de l\u2019Utilisateur doit rester secret. En cas de divulgation de mot de passe, l\u2019\u00c9diteur d\u00e9cline toute responsabilit\u00e9.<\/p><p>L\u2019Utilisateur assume l\u2019enti\u00e8re responsabilit\u00e9 de l\u2019utilisation qu\u2019il fait des informations et contenus pr\u00e9sents sur le site ambiance-atelier-lh.fr.<\/p><p>Tout usage du service par l&#8217;Utilisateur ayant directement ou indirectement pour cons\u00e9quence des dommages doit faire l&#8217;objet d&#8217;une indemnisation au profit du site.<\/p><p>Le membre s\u2019engage \u00e0 tenir des propos respectueux des autres et de la loi et accepte que ces publications soient mod\u00e9r\u00e9es ou refus\u00e9es par l\u2019\u00c9diteur, sans obligation de justification.<\/p><p>En publiant sur le site, l\u2019Utilisateur c\u00e8de \u00e0 la soci\u00e9t\u00e9 \u00e9ditrice le droit non exclusif et gratuit de repr\u00e9senter, reproduire, adapter, modifier, diffuser et distribuer sa publication, directement ou par un tiers autoris\u00e9.<\/p><p>L\u2019\u00c9diteur s&#8217;engage toutefois \u00e0 citer le membre en cas d\u2019utilisation de\u00a0 sa publication<\/p><p>ARTICLE 5 : Responsabilit\u00e9 de l\u2019\u00c9diteur<\/p><p>Tout dysfonctionnement du serveur ou du r\u00e9seau ne peut engager la responsabilit\u00e9 de l\u2019\u00c9diteur.<\/p><p>De m\u00eame, la responsabilit\u00e9 du site ne peut \u00eatre engag\u00e9e en cas de force majeure ou du fait impr\u00e9visible et insurmontable d&#8217;un tiers.<\/p><p>Le site ambiance-atelier-lh.fr s&#8217;engage \u00e0 mettre en \u0153uvre tous les moyens n\u00e9cessaires pour garantirla s\u00e9curit\u00e9 et la confidentialit\u00e9 des donn\u00e9es. Toutefois, il n\u2019apporte pas une garantie de s\u00e9curit\u00e9 totale.<\/p><p>L\u2019\u00c9diteur se r\u00e9serve la facult\u00e9 d\u2019une non-garantie de la fiabilit\u00e9 des sources, bien que les informations diffus\u00e9es su le site soient r\u00e9put\u00e9es fiables.<\/p><p>ARTICLE 6 : Propri\u00e9t\u00e9 intellectuelle<\/p><p>Les contenus du site ambiance-atelier-lh.fr (logos, textes, \u00e9l\u00e9ments graphiques, vid\u00e9os, etc.)son prot\u00e9g\u00e9s par le droit d\u2019auteur, en vertu du Code de la propri\u00e9t\u00e9 intellectuelle.<\/p><p>L\u2019Utilisateur devra obtenir l\u2019autorisation de l\u2019\u00e9diteur du site avant toute reproduction, copie ou publication de ces diff\u00e9rents contenus.<\/p><p>Ces derniers peuvent \u00eatre utilis\u00e9s par les utilisateurs \u00e0 des fins priv\u00e9es ; tout usage commercial est interdit.<\/p><p>L\u2019Utilisateur est enti\u00e8rement responsable de tout contenu qu\u2019il met en ligne et il s\u2019engage \u00e0 ne pas porter atteinte \u00e0 un tiers.<\/p><p>L\u2019\u00c9diteur du site se r\u00e9serve le droit de mod\u00e9rer ou de supprimer librement et \u00e0 tout moment les contenus mis en ligne par les utilisateurs, et ce sans justification.<\/p><p>ARTICLE 7 : Donn\u00e9es personnelles<\/p><p>L\u2019Utilisateur doit obligatoirement fournir des informations personnelles pour proc\u00e9der \u00e0 son inscription sur le site.<\/p><p>L\u2019adresse \u00e9lectronique (e-mail) de l\u2019utilisateur pourra notamment \u00eatre utilis\u00e9e par le ambiance-atelier-lh.fr pour la communication d\u2019informations diverses et la gestion du compte.<\/p><p>ambiance-atelier-lh.fr garantie le respect de la vie priv\u00e9e de l\u2019utilisateur, conform\u00e9ment \u00e0 la loi n\u00b078-17 du 6 janvier 1978 relative \u00e0 l&#8217;informatique, aux fichiers et aux libert\u00e9s.<\/p><p>En vertu des articles 39 et 40 de la loi en date du 6 janvier 1978, l&#8217;Utilisateur dispose d&#8217;un droit d&#8217;acc\u00e8s, de rectification, de suppression et d&#8217;opposition de ses donn\u00e9es personnelles. L&#8217;Utilisateur exerce ce droit via :<\/p><ul><li>Son espace personnel sur le site ;<\/li><li>Un formulaire de contact ;<\/li><li>Par mail \u00e0 [ambiance.atelier.lh@gmail.com<\/li><li>Par voie postale au 7rue Michel LECROQ LE HAVRE 76620<\/li><\/ul><p>ARTICLE 8 : Liens hypertextes<\/p><p>Les domaines vers lesquels m\u00e8nent les liens hypertextes pr\u00e9sents sur le site n\u2019engagent pas la responsabilit\u00e9 de l\u2019\u00c9diteur de ambiance-atelier-lh.fr, qui n\u2019a pas de contr\u00f4le sur ces liens.<\/p><p>Il est possible pour un tiers de cr\u00e9er un lien vers une page du site ambiance-atelier-lh.fr sans autorisation expresse de l\u2019\u00e9diteur.<\/p><p>ARTICLE 9 : \u00c9volution des conditions g\u00e9n\u00e9rales d\u2019utilisation<\/p><p>Le site ambiance-atelier-lh.fr se r\u00e9serve le droit de modifier les clauses de ces conditions g\u00e9n\u00e9rales d\u2019utilisation \u00e0 tout moment et sans justification.<\/p><p>ARTICLE 10 : Dur\u00e9e du contrat<\/p><p>La dur\u00e9e du pr\u00e9sent contrat est ind\u00e9termin\u00e9e. Le contrat produit ses effets \u00e0 l&#8217;\u00e9gard de l&#8217;Utilisateur \u00e0 compter du d\u00e9but de l\u2019utilisation du service.<\/p><p>ARTICLE 11 : Droit applicable et juridiction comp\u00e9tente<\/p><p>Le pr\u00e9sent contrat d\u00e9pend de la l\u00e9gislation fran\u00e7aise.<\/p><p>En cas de litige non r\u00e9solu \u00e0 l\u2019amiable entre l\u2019Utilisateur et l\u2019\u00c9diteur, les tribunaux du HAVRE sont comp\u00e9tents pour r\u00e9gler le contentieux.<\/p><div id=\"fenetremailtotoPopup\" style=\"z-index: 1;\"><div id=\"fenetremailtopopupContentToModalMail\"><div id=\"fenetremailtoclosePopupModal\">\u00a0<\/div><div id=\"fenetremailtomailModal\">What do you want to do ?<\/div><p><a id=\"fenetremailtonewCreateAppEmailButtonOpen\"><\/a>New mail<button id=\"fenetremailtobuttonCopyClipboard\">Copy<\/button><textarea id=\"fenetremailtoclipboardToCopySelect\">&lt;\/p&gt;\n<\/textarea><\/p><\/div><\/div><div id=\"fenetremailtotoPopup\" style=\"z-index: 1;\"><div id=\"fenetremailtopopupContentToModalMail\"><div id=\"fenetremailtoclosePopupModal\">\u00a0<\/div><div id=\"fenetremailtomailModal\">What do you want to do ?<\/div><a id=\"fenetremailtonewCreateAppEmailButtonOpen\"><\/a>New mail<button id=\"fenetremailtobuttonCopyClipboard\">Copy<\/button><textarea id=\"fenetremailtoclipboardToCopySelect\"><\/textarea><\/div><\/div><div><img \/><\/div><\/div>\n\t\t\t\t<\/div>\n\t\t\t\t<\/div>\n\t\t\t\t\t\t<\/div>\n\t\t\t\t\t<\/div>\n\t\t<\/div>\n\t\t\t\t\t\t\t\t<\/div>\n\t\t\t\t\t<\/div>\n\t\t<\/section>\n\t\t\t\t<section class=\"elementor-section elementor-top-section elementor-element elementor-element-fc7d2c1 elementor-section-boxed elementor-section-height-default elementor-section-height-default\" data-id=\"fc7d2c1\" data-element_type=\"section\" data-settings=\"{&quot;_ha_eqh_enable&quot;:false,&quot;ekit_has_onepagescroll_dot&quot;:&quot;yes&quot;}\">\n\t\t\t\t\t\t<div class=\"elementor-container elementor-column-gap-default\">\n\t\t\t\t\t\t\t<div class=\"elementor-row\">\n\t\t\t\t\t<div class=\"elementor-column elementor-col-100 elementor-top-column elementor-element elementor-element-946ea43\" data-id=\"946ea43\" data-element_type=\"column\">\n\t\t\t<div class=\"elementor-column-wrap elementor-element-populated\">\n\t\t\t\t\t\t\t<div class=\"elementor-widget-wrap\">\n\t\t\t\t\t\t<div class=\"elementor-element elementor-element-4d2e37e elementor-widget elementor-widget-heading\" data-id=\"4d2e37e\" data-element_type=\"widget\" data-widget_type=\"heading.default\">\n\t\t\t\t<div class=\"elementor-widget-container\">\n\t\t\t<h4 class=\"elementor-heading-title elementor-size-default\">m\u00e9l: ambiance.atelier.lh@gmail.co<br>portable: 06 33 55 39 58<\/h4>\t\t<\/div>\n\t\t\t\t<\/div>\n\t\t\t\t\t\t<\/div>\n\t\t\t\t\t<\/div>\n\t\t<\/div>\n\t\t\t\t\t\t\t\t<\/div>\n\t\t\t\t\t<\/div>\n\t\t<\/section>\n\t\t\t\t\t\t<\/div>\n\t\t\t\t\t\t<\/div>\n\t\t\t\t\t<\/div>\n\t\t","protected":false},"excerpt":{"rendered":"<p>\u00a0What do you want to do ? New mailCopy&lt;\/p&gt; \u00a0What do you want to do ?New mailCopy Conditions g\u00e9n\u00e9rales d&#8217;utilisation du site ambiance atelier ARTICLE 1 : Objet Les pr\u00e9sentes \u00ab conditions g\u00e9n\u00e9rales d&#8217;utilisation \u00bb ont pour objet l&#8217;encadrement juridique de l\u2019utilisation du site ambiance-atelier-lh.fr et de ses services. Ce contrat est conclu entre : &hellip;<\/p>\n<p class=\"read-more\"> <a class=\"\" href=\"https:\/\/www.ambiance-atelier-lh.fr\/index.php\/conditions-generales-dutilisations-2\/\"> <span class=\"screen-reader-text\">Conditions G\u00e9n\u00e9rales d&#8217;Utilisations<\/span> Lire la suite\u00a0\u00bb<\/a><\/p>\n","protected":false},"author":1,"featured_media":0,"parent":0,"menu_order":0,"comment_status":"closed","ping_status":"closed","template":"","meta":[],"yoast_head":"<!-- This site is optimized with the Yoast SEO plugin v14.7 - https:\/\/yoast.com\/wordpress\/plugins\/seo\/ -->\n<title>Conditions G\u00e9n\u00e9rales d&#039;Utilisations - AMBIANCE ATELIER<\/title>\n<meta name=\"robots\" content=\"index, follow\" \/>\n<meta name=\"googlebot\" content=\"index, follow, max-snippet:-1, max-image-preview:large, max-video-preview:-1\" \/>\n<meta name=\"bingbot\" content=\"index, follow, max-snippet:-1, max-image-preview:large, max-video-preview:-1\" \/>\n<link rel=\"canonical\" href=\"https:\/\/www.ambiance-atelier-lh.fr\/index.php\/conditions-generales-dutilisations-2\/\" \/>\n<meta property=\"og:locale\" content=\"fr_FR\" \/>\n<meta property=\"og:type\" content=\"article\" \/>\n<meta property=\"og:title\" content=\"Conditions G\u00e9n\u00e9rales d&#039;Utilisations - AMBIANCE ATELIER\" \/>\n<meta property=\"og:description\" content=\"\u00a0What do you want to do ? New mailCopy&lt;\/p&gt; \u00a0What do you want to do ?New mailCopy Conditions g\u00e9n\u00e9rales d&#8217;utilisation du site ambiance atelier ARTICLE 1 : Objet Les pr\u00e9sentes \u00ab conditions g\u00e9n\u00e9rales d&#8217;utilisation \u00bb ont pour objet l&#8217;encadrement juridique de l\u2019utilisation du site ambiance-atelier-lh.fr et de ses services. Ce contrat est conclu entre : &hellip; Conditions G\u00e9n\u00e9rales d&#8217;Utilisations Lire la suite\u00a0\u00bb\" \/>\n<meta property=\"og:url\" content=\"https:\/\/www.ambiance-atelier-lh.fr\/index.php\/conditions-generales-dutilisations-2\/\" \/>\n<meta property=\"og:site_name\" content=\"AMBIANCE ATELIER\" \/>\n<meta property=\"article:modified_time\" content=\"2020-03-20T15:09:23+00:00\" \/>\n<meta name=\"twitter:card\" content=\"summary_large_image\" \/>\n<script type=\"application\/ld+json\" class=\"yoast-schema-graph\">{\"@context\":\"https:\/\/schema.org\",\"@graph\":[{\"@type\":\"WebSite\",\"@id\":\"https:\/\/www.ambiance-atelier-lh.fr\/#website\",\"url\":\"https:\/\/www.ambiance-atelier-lh.fr\/\",\"name\":\"AMBIANCE ATELIER\",\"description\":\"Un site utilisant WordPress\",\"potentialAction\":[{\"@type\":\"SearchAction\",\"target\":\"https:\/\/www.ambiance-atelier-lh.fr\/?s={search_term_string}\",\"query-input\":\"required name=search_term_string\"}],\"inLanguage\":\"fr-FR\"},{\"@type\":\"WebPage\",\"@id\":\"https:\/\/www.ambiance-atelier-lh.fr\/index.php\/conditions-generales-dutilisations-2\/#webpage\",\"url\":\"https:\/\/www.ambiance-atelier-lh.fr\/index.php\/conditions-generales-dutilisations-2\/\",\"name\":\"Conditions G\\u00e9n\\u00e9rales d'Utilisations - AMBIANCE ATELIER\",\"isPartOf\":{\"@id\":\"https:\/\/www.ambiance-atelier-lh.fr\/#website\"},\"datePublished\":\"2020-03-20T14:21:51+00:00\",\"dateModified\":\"2020-03-20T15:09:23+00:00\",\"inLanguage\":\"fr-FR\",\"potentialAction\":[{\"@type\":\"ReadAction\",\"target\":[\"https:\/\/www.ambiance-atelier-lh.fr\/index.php\/conditions-generales-dutilisations-2\/\"]}]}]}<\/script>\n<!-- \/ Yoast SEO plugin. -->","_links":{"self":[{"href":"https:\/\/www.ambiance-atelier-lh.fr\/index.php\/wp-json\/wp\/v2\/pages\/698"}],"collection":[{"href":"https:\/\/www.ambiance-atelier-lh.fr\/index.php\/wp-json\/wp\/v2\/pages"}],"about":[{"href":"https:\/\/www.ambiance-atelier-lh.fr\/index.php\/wp-json\/wp\/v2\/types\/page"}],"author":[{"embeddable":true,"href":"https:\/\/www.ambiance-atelier-lh.fr\/index.php\/wp-json\/wp\/v2\/users\/1"}],"replies":[{"embeddable":true,"href":"https:\/\/www.ambiance-atelier-lh.fr\/index.php\/wp-json\/wp\/v2\/comments?post=698"}],"version-history":[{"count":13,"href":"https:\/\/www.ambiance-atelier-lh.fr\/index.php\/wp-json\/wp\/v2\/pages\/698\/revisions"}],"predecessor-version":[{"id":719,"href":"https:\/\/www.ambiance-atelier-lh.fr\/index.php\/wp-json\/wp\/v2\/pages\/698\/revisions\/719"}],"wp:attachment":[{"href":"https:\/\/www.ambiance-atelier-lh.fr\/index.php\/wp-json\/wp\/v2\/media?parent=698"}],"curies":[{"name":"wp","href":"https:\/\/api.w.org\/{rel}","templated":true}]}}